**2 - 2*v. Let d be t(-2). What are the prime factors of d/(-5)*(1000/15)/2?
2, 5
Let t = 8 + -11. Let b = -1 - t. What are the prime factors of (-806)/(-18) - b/(-9)?
3, 5
Let l be (70/(-8))/(3/12). Let u = l + 88. What are the prime factors of u?
53
Let q(l) be the third derivative of l**6/60 - l**5/12 - 5*l**4/24 - 2*l**3/3 + 7*l**2. Let g be q(5). What are the prime factors of (6/4)/(8/g)?
2, 3
Let w = 273 + -228. What are the prime factors of w?
3, 5
Let x(m) = 2*m**3 + 6*m**2 + 3*m - 1. Let r be x(-3). What are the prime factors of (-38)/((8/20)/(26/r))?
13, 19
What are the prime factors of (2 - (-436)/8)/(1/26)?
13, 113
Suppose 0 = 3*h + 12, -h = v - 23 - 80. Suppose v - 1547 = -8*q. What are the prime factors of q?
2, 3, 5
Let m be (-6)/(4/(-4 + 2)). Let i = m + -19. List the prime factors of 36 - (-7)/((-28)/i).
2, 5
Let p(k) be the second derivative of k**5/20 - k**4/12 + k**3/6 + 105*k**2/2 - 4*k. List the prime factors of p(0).
3, 5, 7
What are the prime factors of (-426)/4*432/(-24)?
3, 71
Suppose -10*q + 7*q = 3*j - 4086, -2*q = 3*j - 2727. What are the prime factors of q?
3, 151
Suppose 0 = 1058*x - 1053*x - 5120. What are the prime factors of x?
2
Suppose -47*d + 24642 = -4216. What are the prime factors of d?
2, 307
Let a be (-78)/(-65)*(-10)/(-4). Suppose -3*z + 41 = -19. Suppose 0 = -2*q - a*q + z. List the prime factors of q.
2
Let z(j) = j**3 + 23*j**2 - 38*j + 10. List the prime factors of z(-24).
2, 173
What are the prime factors of (9200/6)/2 + (-29)/(-87)?
13, 59
Let x(n) = -7*n - 20. Let z be x(-8). Suppose m - h - z = 0, -m + 4*h + 40 = h. List the prime factors of m.
2, 17
List the prime factors of (2 + 2)/(15/((-12225)/(-10))).
2, 163
Let w be (-1)/(-1) + 0 + 4 + -4. Let h(t) = 159*t - 2. What are the prime factors of h(w)?
157
Suppose -68*f = -58*f - 18260. List the prime factors of f.
2, 11, 83
Suppose -31*j - 4878 = -40*j. List the prime factors of j.
2, 271
Let w(o) = 232*o**2 - 3*o - 2. Let i be w(-1). Let x = -117 + i. List the prime factors of x.
2, 29
Let p(x) = -5*x + 24. Let l = -3 - 8. List the prime factors of p(l).
79
Suppose a - 6*a = -50. Let c = 0 + 5. Suppose 3*p = p - a, c*f + p = 50. What are the prime factors of f?
11
Let y(j) = j + 7. Let x be y(-14). Let s be 6/21 + 156/x. Let m = 46 + s. What are the prime factors of m?
2, 3
What are the prime factors of 5*(8/10)/(66/12045)?
2, 5, 73
Let t(o) = 2*o**2 - 2*o + 4. Let q be t(2). Let g be (-1)/1*0/q. Suppose g = 2*u - 81 + 29. List the prime factors of u.
2, 13
Suppose t - 5477 = -4*i, 3*t - 549 = -2*i + 2192. What are the prime factors of i?
37
Let h = -19 - -16. Let x be (-4 - h)/(2/(-8)). List the prime factors of (-850)/20*x/(-5).
2, 17
Let i be (9/(-6))/(3/(-12)). Let v(z) = z**2 + 2*z - 9. What are the prime factors of v(i)?
3, 13
Suppose -c + 2*u + 2 = 4*u, 5*c + 4*u = 28. Let h(n) = 4*n + c*n + 4 - 2 - 3*n. What are the prime factors of h(3)?
29
Suppose -49*h + 40*h + 17856 = 0. List the prime factors of h.
2, 31
Let m be (6 + -3)/(9/(-6)). Let c be m/(-12) + 11/6. Suppose 4*n - 131 = -3*j, 0*n + 34 = n + c*j. List the prime factors of n.
2
Let k(v) = 14*v + 6. Suppose 4*y - 3 - 5 = 0. Let r(w) = 3*w + 1. Let f(z) = y*k(z) - 11*r(z). What are the prime factors of f(-3)?
2
Let l(g) = g**3 - 5*g**2 + 7*g - 4. Let y be l(4). Let d be 7/(28/40) - -1. Let p = y + d. List the prime factors of p.
19
Let n(j) = 19*j**3 - 8*j**2 + 10*j + 23. What are the prime factors of n(4)?
1151
Let p(z) = 37*z + 735. What are the prime factors of p(0)?
3, 5, 7
Let v(a) = 2*a + 2. Let p be v(2). Let f = p + 8. Suppose 11 = b - f. What are the prime factors of b?
5
Let j(r) = -27*r + 27. Let v be j(-3). Suppose -v + 276 = 2*t. What are the prime factors of t?
2, 3, 7
Let i = 181 + -127. Let d = -32 + i. List the prime factors of d.
2, 11
Let p = 579 - 392. What are the prime factors of p?
11, 17
Suppose -4*h + 13 = -7. Suppose -j + h*i - 3 = 0, i = -3*i + 4. Suppose -2*a = -j*w - 2*w + 56, -w + 4 = 2*a. List the prime factors of w.
2, 3
Let d be (-12 - 48)/(-2 + 0). Suppose 29*b = d*b - 216. List the prime factors of b.
2, 3
Let l(z) = -4*z**2 + 10*z - 6. Let j(y) = -y**2 + 1. Let h(f) = -3*j(f) + l(f). Let x be h(8). Suppose -x = -t + 9. List the prime factors of t.
2
Suppose 8*o = 36 - 12. Suppose -o*i + 168 = -0*i. List the prime factors of i.
2, 7
Suppose -t + 328 = 2*m, -2*m + 7*m = -4*t + 1309. What are the prime factors of t?
2, 163
Suppose 0 = -2*i - 0*i + 4. Suppose i*r - 7*r - 20 = 0. List the prime factors of (-8 - r) + 2 + 11.
3
List the prime factors of (6*2/16)/(2/1632).
2, 3, 17
Let o be -634*2/10 + (-7)/35. Let m = o + 320. List the prime factors of m.
193
List the prime factors of 2168/(3*(-8 + 98/12)).
2, 271
Suppose -2*f + 12 = 4*l, 5*l = -5*f - 1 + 6. What are the prime factors of 9/(-3)*-63 - 0/f?
3, 7
Suppose 0*m + 4*m - 5*b = 73, -2*m = -2*b - 34. Let a = m - -33. What are the prime factors of a?
3, 5
What are the prime factors of (-80880)/160*(-28)/3?
2, 7, 337
Let j(l) = 2 + 11 - 6*l - 7*l + 0. List the prime factors of j(-3).
2, 13
Let z = -290 - -335. What are the prime factors of z?
3, 5
Let s(p) = -342*p - 5. List the prime factors of s(-2).
7, 97
Let y(x) = x**3 - 2*x**2 - 4*x + 5. Let p = 5 + -2. Suppose p*w + 8 = 5*w. What are the prime factors of y(w)?
3, 7
Suppose 272*h - 96836 = 229*h. List the prime factors of h.
2, 563
Let a = 14 + -5. Suppose 383 = a*m - 112. List the prime factors of m.
5, 11
Suppose 10*l - 5*q - 815 = 9*l, 3236 = 4*l + 4*q. List the prime factors of l.
2, 3, 5
Let t(z) = z**2 - 7*z - 2. Let y be t(6). Let c = -1 + y. Let v(u) = u**2 + 7*u + 2. What are the prime factors of v(c)?
2, 5
Let x(t) = -t**3 + 13*t**2 - 13*t + 17. Let i be x(12). Suppose -i*s + 410 = -0*s. List the prime factors of s.
2, 41
Let d = -13 + -17. Let v = d + 2. What are the prime factors of (3 + -1)/((-4)/v)?
2, 7
Let u be (-5)/(-3) - 1/(-3). Suppose u*v + 8 = -n + 22, -v + n + 1 = 0. Suppose 2*o + 72 = v*o. What are the prime factors of o?
2, 3
Suppose 0 = 5*s - s - 16. Suppose l - 79 = -2*n, 280 = -0*l + 4*l - 4*n. Suppose -4*g + b + l = -3, 4*b - 96 = -s*g. What are the prime factors of g?
2, 5
Let q(u) = 13*u**2 + 24*u + 6. What are the prime factors of q(-8)?
2, 17, 19
What are the prime factors of (2*-150)/(5 - 963/189)?
2, 3, 5, 7
Suppose 4*v - 87 = -5*k, -2*k + 5*v - 75 = -6*k. Let b = -8 - 1. Let u = k - b. List the prime factors of u.
2, 3
Let t(n) = 31*n**3 - 3*n**2 + 16*n - 120. What are the prime factors of t(5)?
2, 5, 47
Let u be ((-1)/(-2))/(2/4). Suppose 3*c = 2*l - 14, 3*c - 7 + u = -3*l. List the prime factors of (0 + 172/16)*l.
43
Let h(u) = 19*u - 51. Let t(g) = -9*g + 25. Let c(i) = -4*h(i) - 9*t(i). Let w be c(6). Let p(z) = -z**3 + 10*z**2 - 3*z - 11. List the prime factors of p(w).
43
Let t be 5257/49 + (-6)/21. Suppose -2*p + 51 = -t. List the prime factors of p.
79
Suppose 40 = 4*x + 5*w, -x - 3*w - 2*w + 25 = 0. Let r(g) = 42*g + 2. Let b be r(4). Suppose x*q = -0*q + b. What are the prime factors of q?
2, 17
Let g(h) = -h + 5. Let q(y) = -1. Let l(x) = -g(x) - 3*q(x). Let d be l(9). Suppose 2*m - 3 - d = 0. List the prime factors of m.
5
List the prime factors of (-3 - -1007)/(0 - -2).
2, 251
Suppose 61 = -2*l - 119. Let t = -57 - l. List the prime factors of t.
3, 11
Let u(t) = -325*t**2 + 12 + 10 + 326*t**2 + 14*t. List the prime factors of u(-15).
37
Suppose 11 = j + y, 7 - 16 = -j - 3*y. Let z be 12/(-72) - (-62)/j. Suppose -z*u + u = -172. What are the prime factors of u?
43
Let x be (-5)/(45/(-24))*6/4. Suppose 0 = -x*k - 257 + 913. List the prime factors of k.
2, 41
Suppose 0*j = -3*j + 12. Suppose -a = -l + 2*l + 38, j = -2*a. What are the prime factors of -68*3/l*3?
17
Let t be 15/5 + 0 + 12. Let w = t + -19. Let d = 6 + w. List the prime factors of d.
2
Suppose 182*f = 196*f - 29050. List the prime factors of f.
5, 83
Let g be -24*3/((-36)/51). Let c = g - 40. List the prime factors of c.
2, 31
Suppose 3*o - 2*o = 1. Suppose 3*j = 2*j - 4*f + 17, f = -2*j - o. Let c(w) = 5*w**2 - 4*w - 3. List the prime factors of c(j).
2, 3
Let o = 84 - 50. Suppose 5*v - 3*p = 92 + o, 5*p = -5*v + 110. Suppose 0 = -v*u + 27*u - 96. What are the prime factors of u?
2
Suppose -4*i + 8*h - 3*h + 23 = 0, -4*i -